{"id":494,"date":"2024-10-13T14:07:29","date_gmt":"2024-10-13T12:07:29","guid":{"rendered":"http:\/\/www.elcarpinterodelagorra.com\/?post_type=product&#038;p=494"},"modified":"2025-06-23T11:09:43","modified_gmt":"2025-06-23T09:09:43","slug":"personalizada","status":"publish","type":"product","link":"https:\/\/www.elcarpinterodelagorra.com\/?product=personalizada","title":{"rendered":"Personalizada"},"content":{"rendered":"<p>El Modelo Personalizado de la Colecci\u00f3n Personalizadas es la opci\u00f3n perfecta para quienes buscan un mueble exclusivo, dise\u00f1ado y hecho a medida. Con esta mesa, t\u00fa tienes el control completo del dise\u00f1o: puedes elegir las dimensiones exactas, el tipo de madera, los colores de la resina epoxi y los detalles decorativos. Ya sea que desees un dise\u00f1o minimalista, un paisaje natural o un patr\u00f3n geom\u00e9trico complejo, nuestro equipo de artesanos expertos transformar\u00e1 tu visi\u00f3n en una realidad.<\/p>\n<p>Cada mesa del Modelo Personalizado es \u00fanica y hecha completamente a mano, combinando t\u00e9cnicas de carpinter\u00eda tradicional con la innovaci\u00f3n en el uso de resina epoxi. Trabajamos contigo en cada paso del proceso: desde seleccionar las mejores maderas y discutir las opciones de acabado, hasta decidir qu\u00e9 detalles en epoxi reflejan mejor tu estilo. \u00bfBuscas una mesa que sea el centro de atenci\u00f3n en tu sal\u00f3n o comedor? \u00bfO prefieres una pieza m\u00e1s discreta pero igualmente impactante para tu oficina? Con nuestro servicio de personalizaci\u00f3n, las posibilidades son infinitas.<\/p>\n<p>Este modelo no solo ofrece la m\u00e1xima flexibilidad en el dise\u00f1o, sino que tambi\u00e9n asegura que la mesa encaje a la perfecci\u00f3n en el espacio que tienes disponible. Puedes proporcionarnos las medidas exactas y personalizar los colores, formas y detalles para adaptarla a tu decoraci\u00f3n actual. Ya sea que quieras un estilo r\u00fastico con madera natural y resina azul, o un dise\u00f1o contempor\u00e1neo con acabados en negro y detalles dorados, cada Modelo Personalizado se convierte en una pieza exclusiva hecha solo para ti.<\/p>\n<p>Con el Modelo Personalizado, creas una mesa que es completamente tuya, reflejando tu personalidad y estilo. Si tienes una visi\u00f3n espec\u00edfica o simplemente quieres algo \u00fanico, esta opci\u00f3n te permite dise\u00f1ar la mesa de tus sue\u00f1os con la mejor calidad artesanal. \u00a1Cont\u00e1ctanos para comenzar a dise\u00f1ar la mesa perfecta para tu hogar o negocio!<\/p>\n<p>&nbsp;<\/p>\n<p>&nbsp;<\/p>\n<p><strong>Medidas:<\/strong><\/p>\n<p>Largo: 140 cm<\/p>\n<p>Ancho: 80 cm<\/p>\n<p>Alto: 83 cm<\/p>\n<p>Grosor: 6 cm<\/p>\n<p>Peso: 96 Kg<\/p>\n","protected":false},"excerpt":{"rendered":"<p>El Modelo Personalizado, de la Colecci\u00f3n Personalizadas, te ofrece la posibilidad de crear una mesa completamente a tu gusto. T\u00fa eliges las medidas, la madera, los colores y los dise\u00f1os en resina epoxi. Cada mesa es \u00fanica, hecha a mano para adaptarse a tu estilo y espacio, proporcionando un toque exclusivo y personalizado a tu hogar o negocio.<\/p>\n","protected":false},"featured_media":907,"comment_status":"open","ping_status":"closed","template":"","meta":{"om_disable_all_campaigns":false,"_monsterinsights_skip_tracking":false,"_monsterinsights_sitenote_active":false,"_monsterinsights_sitenote_note":"","_monsterinsights_sitenote_category":0,"_joinchat":[]},"product_brand":[],"product_cat":[21],"product_tag":[],"class_list":{"0":"post-494","1":"product","2":"type-product","3":"status-publish","4":"has-post-thumbnail","6":"product_cat-coleccion-paisajes","8":"first","9":"instock","10":"sale","11":"taxable","12":"shipping-taxable","13":"purchasable","14":"product-type-simple"},"aioseo_notices":[],"jetpack_sharing_enabled":true,"_links":{"self":[{"href":"https:\/\/www.elcarpinterodelagorra.com\/index.php?rest_route=\/wp\/v2\/product\/494","targetHints":{"allow":["GET"]}}],"collection":[{"href":"https:\/\/www.elcarpinterodelagorra.com\/index.php?rest_route=\/wp\/v2\/product"}],"about":[{"href":"https:\/\/www.elcarpinterodelagorra.com\/index.php?rest_route=\/wp\/v2\/types\/product"}],"replies":[{"embeddable":true,"href":"https:\/\/www.elcarpinterodelagorra.com\/index.php?rest_route=%2Fwp%2Fv2%2Fcomments&post=494"}],"wp:featuredmedia":[{"embeddable":true,"href":"https:\/\/www.elcarpinterodelagorra.com\/index.php?rest_route=\/wp\/v2\/media\/907"}],"wp:attachment":[{"href":"https:\/\/www.elcarpinterodelagorra.com\/index.php?rest_route=%2Fwp%2Fv2%2Fmedia&parent=494"}],"wp:term":[{"taxonomy":"product_brand","embeddable":true,"href":"https:\/\/www.elcarpinterodelagorra.com\/index.php?rest_route=%2Fwp%2Fv2%2Fproduct_brand&post=494"},{"taxonomy":"product_cat","embeddable":true,"href":"https:\/\/www.elcarpinterodelagorra.com\/index.php?rest_route=%2Fwp%2Fv2%2Fproduct_cat&post=494"},{"taxonomy":"product_tag","embeddable":true,"href":"https:\/\/www.elcarpinterodelagorra.com\/index.php?rest_route=%2Fwp%2Fv2%2Fproduct_tag&post=494"}],"curies":[{"name":"wp","href":"https:\/\/api.w.org\/{rel}","templated":true}]}}